{"id":941,"date":"2020-02-07T09:36:55","date_gmt":"2020-02-07T08:36:55","guid":{"rendered":"https:\/\/www.architecte-paysagiste-viollet.com\/?page_id=941"},"modified":"2023-10-27T08:04:20","modified_gmt":"2023-10-27T06:04:20","slug":"cv-2-2","status":"publish","type":"page","link":"https:\/\/www.architecte-paysagiste-viollet.com\/?page_id=941","title":{"rendered":"CV"},"content":{"rendered":"\t\t<div data-elementor-type=\"wp-post\" data-elementor-id=\"941\" class=\"elementor elementor-941\">\n\t\t\t\t\t\t<section class=\"elementor-section elementor-top-section elementor-element elementor-element-930850a elementor-section-boxed elementor-section-height-default elementor-section-height-default\" data-id=\"930850a\" data-element_type=\"section\" data-e-type=\"section\">\n\t\t\t\t\t\t<div class=\"elementor-container elementor-column-gap-default\">\n\t\t\t\t\t<div class=\"elementor-column elementor-col-50 elementor-top-column elementor-element elementor-element-81dfd8a\" data-id=\"81dfd8a\" data-element_type=\"column\" data-e-type=\"column\">\n\t\t\t<div class=\"elementor-widget-wrap elementor-element-populated\">\n\t\t\t\t\t\t<div class=\"elementor-element elementor-element-4af4a25 elementor-widget elementor-widget-image\" data-id=\"4af4a25\" data-element_type=\"widget\" data-e-type=\"widget\" data-widget_type=\"image.default\">\n\t\t\t\t<div class=\"elementor-widget-container\">\n\t\t\t\t\t\t\t\t\t\t\t\t\t\t\t<img decoding=\"async\" width=\"286\" height=\"80\" src=\"https:\/\/www.architecte-paysagiste-viollet.com\/wp-content\/uploads\/2019\/02\/intro-haut-G.jpg\" class=\"attachment-large size-large wp-image-120\" alt=\"\" \/>\t\t\t\t\t\t\t\t\t\t\t\t\t\t\t<\/div>\n\t\t\t\t<\/div>\n\t\t\t\t\t<\/div>\n\t\t<\/div>\n\t\t\t\t<div class=\"elementor-column elementor-col-50 elementor-top-column elementor-element elementor-element-96b9a95\" data-id=\"96b9a95\" data-element_type=\"column\" data-e-type=\"column\">\n\t\t\t<div class=\"elementor-widget-wrap elementor-element-populated\">\n\t\t\t\t\t\t<div class=\"elementor-element elementor-element-f9d9d5d elementor-widget elementor-widget-text-editor\" data-id=\"f9d9d5d\" data-element_type=\"widget\" data-e-type=\"widget\" data-widget_type=\"text-editor.default\">\n\t\t\t\t<div class=\"elementor-widget-container\">\n\t\t\t\t\t\t\t\t\t<span style=\"text-shadow: .1em .2em .3em #999999;\">paysagiste concepteur<\/span>\t\t\t\t\t\t\t\t<\/div>\n\t\t\t\t<\/div>\n\t\t\t\t\t<\/div>\n\t\t<\/div>\n\t\t\t\t\t<\/div>\n\t\t<\/section>\n\t\t\t\t<section class=\"elementor-section elementor-top-section elementor-element elementor-element-e61c53f elementor-section-boxed elementor-section-height-default elementor-section-height-default\" data-id=\"e61c53f\" data-element_type=\"section\" data-e-type=\"section\">\n\t\t\t\t\t\t<div class=\"elementor-container elementor-column-gap-default\">\n\t\t\t\t\t<div class=\"elementor-column elementor-col-50 elementor-top-column elementor-element elementor-element-c82e8ad\" data-id=\"c82e8ad\" data-element_type=\"column\" data-e-type=\"column\">\n\t\t\t<div class=\"elementor-widget-wrap elementor-element-populated\">\n\t\t\t\t\t\t<div class=\"elementor-element elementor-element-fc77e05 elementor-widget elementor-widget-text-editor\" data-id=\"fc77e05\" data-element_type=\"widget\" data-e-type=\"widget\" data-widget_type=\"text-editor.default\">\n\t\t\t\t<div class=\"elementor-widget-container\">\n\t\t\t\t\t\t\t\t\t<p><img decoding=\"async\" class=\"alignleft\" src=\"https:\/\/www.architecte-paysagiste-viollet.com\/wp-content\/uploads\/2019\/12\/Logo-republique.jpg\" alt=\"\" width=\"70\" height=\"41\" \/><\/p><p>Inscription sur la liste nationale des personnes autoris\u00e9es \u00e0 utiliser le titre de Paysagiste Concepteur<\/p>\t\t\t\t\t\t\t\t<\/div>\n\t\t\t\t<\/div>\n\t\t\t\t<div class=\"elementor-element elementor-element-d586bcc elementor-widget elementor-widget-text-editor\" data-id=\"d586bcc\" data-element_type=\"widget\" data-e-type=\"widget\" data-widget_type=\"text-editor.default\">\n\t\t\t\t<div class=\"elementor-widget-container\">\n\t\t\t\t\t\t\t\t\t<p><img decoding=\"async\" class=\"alignleft\" src=\"https:\/\/www.architecte-paysagiste-viollet.com\/wp-content\/uploads\/2019\/02\/fed-francaise-paysage.png\" alt=\"\" width=\"67\" height=\"59\" \/><\/p><p>Habilit\u00e9 Paysagiste Concepteur par la <b>F<\/b>\u00e9d\u00e9ration <b>F<\/b>ran\u00e7aise du <b>P<\/b>aysage<\/p>\t\t\t\t\t\t\t\t<\/div>\n\t\t\t\t<\/div>\n\t\t\t\t<div class=\"elementor-element elementor-element-4ed9c61 elementor-widget elementor-widget-text-editor\" data-id=\"4ed9c61\" data-element_type=\"widget\" data-e-type=\"widget\" data-widget_type=\"text-editor.default\">\n\t\t\t\t<div class=\"elementor-widget-container\">\n\t\t\t\t\t\t\t\t\t<h4><b>Formation<\/b><\/h4><p>1998 &#8211; Dipl\u00f4me de paysagiste \u00e0 l&rsquo;Ecole M\u00e9diterran\u00e9enne des Jardins et du Paysage de Grasse (06)<br \/>1999 &#8211; Dessinateur CAO \/ DAO \u00e0 l&rsquo;Ecole Nationale Sup\u00e9rieure d&rsquo;Arts et M\u00e9tiers de Cluny (71)<\/p>\t\t\t\t\t\t\t\t<\/div>\n\t\t\t\t<\/div>\n\t\t\t\t\t<\/div>\n\t\t<\/div>\n\t\t\t\t<div class=\"elementor-column elementor-col-50 elementor-top-column elementor-element elementor-element-98f6883\" data-id=\"98f6883\" data-element_type=\"column\" data-e-type=\"column\">\n\t\t\t<div class=\"elementor-widget-wrap elementor-element-populated\">\n\t\t\t\t\t\t<div class=\"elementor-element elementor-element-7ecedde elementor-widget elementor-widget-image\" data-id=\"7ecedde\" data-element_type=\"widget\" data-e-type=\"widget\" data-widget_type=\"image.default\">\n\t\t\t\t<div class=\"elementor-widget-container\">\n\t\t\t\t\t\t\t\t\t\t\t\t\t\t\t<img loading=\"lazy\" decoding=\"async\" width=\"330\" height=\"143\" src=\"https:\/\/www.architecte-paysagiste-viollet.com\/wp-content\/uploads\/2019\/02\/viollet-franck.png\" class=\"attachment-medium_large size-medium_large wp-image-370\" alt=\"\" srcset=\"https:\/\/www.architecte-paysagiste-viollet.com\/wp-content\/uploads\/2019\/02\/viollet-franck.png 330w, https:\/\/www.architecte-paysagiste-viollet.com\/wp-content\/uploads\/2019\/02\/viollet-franck-300x130.png 300w\" sizes=\"(max-width: 330px) 100vw, 330px\" \/>\t\t\t\t\t\t\t\t\t\t\t\t\t\t\t<\/div>\n\t\t\t\t<\/div>\n\t\t\t\t\t<\/div>\n\t\t<\/div>\n\t\t\t\t\t<\/div>\n\t\t<\/section>\n\t\t\t\t<section class=\"elementor-section elementor-top-section elementor-element elementor-element-a791f49 elementor-section-boxed elementor-section-height-default elementor-section-height-default\" data-id=\"a791f49\" data-element_type=\"section\" data-e-type=\"section\">\n\t\t\t\t\t\t<div class=\"elementor-container elementor-column-gap-default\">\n\t\t\t\t\t<div class=\"elementor-column elementor-col-100 elementor-top-column elementor-element elementor-element-1f953c9\" data-id=\"1f953c9\" data-element_type=\"column\" data-e-type=\"column\">\n\t\t\t<div class=\"elementor-widget-wrap elementor-element-populated\">\n\t\t\t\t\t\t<div class=\"elementor-element elementor-element-7a2c81f elementor-widget elementor-widget-text-editor\" data-id=\"7a2c81f\" data-element_type=\"widget\" data-e-type=\"widget\" data-widget_type=\"text-editor.default\">\n\t\t\t\t<div class=\"elementor-widget-container\">\n\t\t\t\t\t\t\t\t\t<h4>R\u00e9f\u00e9rences significatives des missions de Ma\u00eetrise d\u2019 oeuvre r\u00e9alis\u00e9es depuis 2008<\/h4>\t\t\t\t\t\t\t\t<\/div>\n\t\t\t\t<\/div>\n\t\t\t\t\t<\/div>\n\t\t<\/div>\n\t\t\t\t\t<\/div>\n\t\t<\/section>\n\t\t\t\t<section class=\"elementor-section elementor-top-section elementor-element elementor-element-f36a279 elementor-section-boxed elementor-section-height-default elementor-section-height-default\" data-id=\"f36a279\" data-element_type=\"section\" data-e-type=\"section\">\n\t\t\t\t\t\t<div class=\"elementor-container elementor-column-gap-default\">\n\t\t\t\t\t<div class=\"elementor-column elementor-col-50 elementor-top-column elementor-element elementor-element-b5fe910\" data-id=\"b5fe910\" data-element_type=\"column\" data-e-type=\"column\">\n\t\t\t<div class=\"elementor-widget-wrap elementor-element-populated\">\n\t\t\t\t\t\t<div class=\"elementor-element elementor-element-6e62e34 elementor-widget elementor-widget-text-editor\" data-id=\"6e62e34\" data-element_type=\"widget\" data-e-type=\"widget\" data-widget_type=\"text-editor.default\">\n\t\t\t\t<div class=\"elementor-widget-container\">\n\t\t\t\t\t\t\t\t\t<p><strong>Saint Eloi (01) <\/strong>Am\u00e9nagement de la Place de la Halle<br \/><strong>Saint Jean de Niost (01)<\/strong> Am\u00e9nagement de la place de l&rsquo;\u00e9glise<br \/><strong>Oyonnax (01)<\/strong> Am\u00e9nagement du Cours Verdun<br \/><strong>Le Montellier (01) <\/strong>Am\u00e9nagement du centre Bourg<strong><br \/>Lhuis (01)<\/strong> Am\u00e9nagement pour la mise en s\u00e9curit\u00e9 de la travers\u00e9e du village<br \/><strong>Amb\u00e9rieu en Bugey (01)<\/strong> Am\u00e9nagement des abords du gymnase du Lyc\u00e9e de la plaine de l\u2019Ain<br \/><strong>Voiron (38)<\/strong> Am\u00e9nagement de l\u2019Avenue Marie Curie<br \/><strong>Bourg Saint Christophe (01)<\/strong> Am\u00e9nagement de la place de la mairie<br \/><strong>Saint Rambert en Bugey (01)<\/strong> Am\u00e9nagement du quartier de la Schappe<br \/><strong>Brion (01)<\/strong> Am\u00e9nagement d\u2019un espace public en centre village<br \/><strong>Reventin Vaugris (38)<\/strong> Am\u00e9nagement du quartier Vaugris<br \/><strong>Oyonnax (01)<\/strong> Am\u00e9nagement des abords du refuge pour animaux<br \/><strong>Condrieu (69)<\/strong> Am\u00e9nagement de la place du march\u00e9 aux fruits<br \/><strong>Bag\u00e9 le Chatel (01)<\/strong> Am\u00e9nagement du chemin de ronde et de la place 19 mars 1962<br \/><strong>Meximieux (01)<\/strong> Am\u00e9nagement de la zone d\u2019activit\u00e9 des Granges<br \/><strong>G\u00e9ovreisset (01)<\/strong> Am\u00e9nagement du coeur du village<br \/><strong>Chuzelles (38)<\/strong> Am\u00e9nagement de la place de l\u2019\u00e9glise<\/p>\t\t\t\t\t\t\t\t<\/div>\n\t\t\t\t<\/div>\n\t\t\t\t\t<\/div>\n\t\t<\/div>\n\t\t\t\t<div class=\"elementor-column elementor-col-50 elementor-top-column elementor-element elementor-element-68f7dc6\" data-id=\"68f7dc6\" data-element_type=\"column\" data-e-type=\"column\">\n\t\t\t<div class=\"elementor-widget-wrap elementor-element-populated\">\n\t\t\t\t\t\t<div class=\"elementor-element elementor-element-74e7601 elementor-widget elementor-widget-text-editor\" data-id=\"74e7601\" data-element_type=\"widget\" data-e-type=\"widget\" data-widget_type=\"text-editor.default\">\n\t\t\t\t<div class=\"elementor-widget-container\">\n\t\t\t\t\t\t\t\t\t<p><span style=\"font-variant-ligatures: normal; font-variant-caps: normal; font-family: Roboto, sans-serif; font-size: 13px; font-style: normal; font-weight: 600;\">Saint Remy (01)<\/span><span style=\"font-family: Roboto, sans-serif; font-size: 13px; font-style: normal; font-variant-ligatures: normal; font-variant-caps: normal; font-weight: 400;\">\u00a0Am\u00e9nagement des abords du gymnase<\/span><span style=\"font-variant-ligatures: normal; font-variant-caps: normal; font-family: Roboto, sans-serif; font-size: 13px; font-style: normal; font-weight: 600;\">Grenoble Alpes M\u00e9tropole (38)<\/span><span style=\"font-family: Roboto, sans-serif; font-size: 13px; font-style: normal; font-variant-ligatures: normal; font-variant-caps: normal; font-weight: 400;\">\u00a0Am\u00e9nagement de la piste cyclable rue Amiral Courbet<\/span><br \/><span style=\"font-variant-ligatures: normal; font-variant-caps: normal; font-family: Roboto, sans-serif; font-size: 13px; font-style: normal; font-weight: 600;\">Grenoble Alpes M\u00e9tropole (38)<\/span><span style=\"font-family: Roboto, sans-serif; font-size: 13px; font-style: normal; font-variant-ligatures: normal; font-variant-caps: normal; font-weight: 400;\">Am\u00e9nagement de la rue Aymon de Chiss\u00e9<\/span><strong>Bourg en Bresse (01)<\/strong> Am\u00e9nagement du bassin du centre nautique le Carr\u00e9e d\u2019eau<br \/><strong>Saint Maurice de Beynost (01)<\/strong> Am\u00e9nagement du quartier des Folliets<br \/><strong>Morestel (38)<\/strong> Am\u00e9nagement de la RD 33 et circulation mode doux<br \/><strong>Montr\u00e9al la Cluse (01)<\/strong> Am\u00e9nagement paysager du Parc du Ch\u00e2teau<br \/><strong>Chuzelles (38)<\/strong> Am\u00e9nagement d\u2019une zone de stationnement et d\u2019espaces publics<br \/><strong>B\u00e9lignieux (01)<\/strong> Am\u00e9nagement des abords de la gare<br \/><strong>Rochetoirin (38)<\/strong> S\u00e9curisation et am\u00e9nagement de la travers\u00e9e du village<br \/><strong>Sainte Julie (01)<\/strong> S\u00e9curisation et am\u00e9nagement du centre bourg<br \/><strong>Ambronay (01)<\/strong> Am\u00e9nagement de la place des Anciens Combattants<br \/><strong>Montr\u00e9al la Cluse (01)<\/strong> D\u00e9viation de la rue du Qu\u00e9bec<br \/><strong>Meximieux (01)<\/strong> Am\u00e9nagement du parking multimodal de la gare<br \/><strong>Th\u00e9iz\u00e9 (69)<\/strong> Am\u00e9nagement du centre bourg<br \/><strong>Amb\u00e9rieu en Bugey (01) <\/strong>Am\u00e9nagement de l\u2019Avenue Paul Pain Lev\u00e9<br \/><strong>Messimy (69)<\/strong> Am\u00e9nagement d\u2019une aire de stationnement<br \/><strong>Saint Vulbas (01)<\/strong> Am\u00e9nagement des abords de la biblioth\u00e8que<\/p>\t\t\t\t\t\t\t\t<\/div>\n\t\t\t\t<\/div>\n\t\t\t\t\t<\/div>\n\t\t<\/div>\n\t\t\t\t\t<\/div>\n\t\t<\/section>\n\t\t\t\t<section class=\"elementor-section elementor-top-section elementor-element elementor-element-5cf680d elementor-section-boxed elementor-section-height-default elementor-section-height-default\" data-id=\"5cf680d\" data-element_type=\"section\" data-e-type=\"section\">\n\t\t\t\t\t\t<div class=\"elementor-container elementor-column-gap-default\">\n\t\t\t\t\t<div class=\"elementor-column elementor-col-100 elementor-top-column elementor-element elementor-element-aa1b56b\" data-id=\"aa1b56b\" data-element_type=\"column\" data-e-type=\"column\">\n\t\t\t<div class=\"elementor-widget-wrap elementor-element-populated\">\n\t\t\t\t\t\t<div class=\"elementor-element elementor-element-cf132b6 elementor-widget elementor-widget-text-editor\" data-id=\"cf132b6\" data-element_type=\"widget\" data-e-type=\"widget\" data-widget_type=\"text-editor.default\">\n\t\t\t\t<div class=\"elementor-widget-container\">\n\t\t\t\t\t\t\t\t\t<h4>Etudes paysag\u00e8res et urbaines sur les communes suivantes :<\/h4>\t\t\t\t\t\t\t\t<\/div>\n\t\t\t\t<\/div>\n\t\t\t\t\t<\/div>\n\t\t<\/div>\n\t\t\t\t\t<\/div>\n\t\t<\/section>\n\t\t\t\t<section class=\"elementor-section elementor-top-section elementor-element elementor-element-06b819c elementor-section-boxed elementor-section-height-default elementor-section-height-default\" data-id=\"06b819c\" data-element_type=\"section\" data-e-type=\"section\">\n\t\t\t\t\t\t<div class=\"elementor-container elementor-column-gap-default\">\n\t\t\t\t\t<div class=\"elementor-column elementor-col-33 elementor-top-column elementor-element elementor-element-8e09070\" data-id=\"8e09070\" data-element_type=\"column\" data-e-type=\"column\">\n\t\t\t<div class=\"elementor-widget-wrap elementor-element-populated\">\n\t\t\t\t\t\t<div class=\"elementor-element elementor-element-b514cec elementor-widget elementor-widget-text-editor\" data-id=\"b514cec\" data-element_type=\"widget\" data-e-type=\"widget\" data-widget_type=\"text-editor.default\">\n\t\t\t\t<div class=\"elementor-widget-container\">\n\t\t\t\t\t\t\t\t\t<p>Fuiss\u00e9 (71)<br \/>Saint Rambert en Bugey (01)<br \/>Chambost \u2013 Alli\u00e8res (69)<br \/>St Eloi (01)<br \/>Saint Romain de JaLionas (38)<br \/>Lagnieu (01)<\/p>\t\t\t\t\t\t\t\t<\/div>\n\t\t\t\t<\/div>\n\t\t\t\t\t<\/div>\n\t\t<\/div>\n\t\t\t\t<div class=\"elementor-column elementor-col-33 elementor-top-column elementor-element elementor-element-a6f8407\" data-id=\"a6f8407\" data-element_type=\"column\" data-e-type=\"column\">\n\t\t\t<div class=\"elementor-widget-wrap elementor-element-populated\">\n\t\t\t\t\t\t<div class=\"elementor-element elementor-element-55b8d06 elementor-widget elementor-widget-text-editor\" data-id=\"55b8d06\" data-element_type=\"widget\" data-e-type=\"widget\" data-widget_type=\"text-editor.default\">\n\t\t\t\t<div class=\"elementor-widget-container\">\n\t\t\t\t\t\t\t\t\t<p>Amb\u00e9rieu en Bugey (01)<br \/>Corbelin (38)<br \/>Bouvesse Quirieu (38)<br \/>Saint Vulbas (01)<br \/>Vaux en Bugey (01)<br \/>Ambutrix (01)<\/p>\t\t\t\t\t\t\t\t<\/div>\n\t\t\t\t<\/div>\n\t\t\t\t\t<\/div>\n\t\t<\/div>\n\t\t\t\t<div class=\"elementor-column elementor-col-33 elementor-top-column elementor-element elementor-element-97d5005\" data-id=\"97d5005\" data-element_type=\"column\" data-e-type=\"column\">\n\t\t\t<div class=\"elementor-widget-wrap elementor-element-populated\">\n\t\t\t\t\t\t<div class=\"elementor-element elementor-element-be1f42e elementor-widget elementor-widget-text-editor\" data-id=\"be1f42e\" data-element_type=\"widget\" data-e-type=\"widget\" data-widget_type=\"text-editor.default\">\n\t\t\t\t<div class=\"elementor-widget-container\">\n\t\t\t\t\t\t\t\t\t<p>La Valbonne (01)<br \/>St Martin du Mont (01)<br \/>Verjon (01)<br \/>Blyes (01)<br \/><br \/><\/p>\t\t\t\t\t\t\t\t<\/div>\n\t\t\t\t<\/div>\n\t\t\t\t\t<\/div>\n\t\t<\/div>\n\t\t\t\t\t<\/div>\n\t\t<\/section>\n\t\t\t\t<section class=\"elementor-section elementor-top-section elementor-element elementor-element-38ead517 elementor-section-boxed elementor-section-height-default elementor-section-height-default\" data-id=\"38ead517\" data-element_type=\"section\" data-e-type=\"section\">\n\t\t\t\t\t\t<div class=\"elementor-container elementor-column-gap-default\">\n\t\t\t\t\t<div class=\"elementor-column elementor-col-100 elementor-top-column elementor-element elementor-element-356a186\" data-id=\"356a186\" data-element_type=\"column\" data-e-type=\"column\">\n\t\t\t<div class=\"elementor-widget-wrap elementor-element-populated\">\n\t\t\t\t\t\t<div class=\"elementor-element elementor-element-1a0cc03a elementor-widget elementor-widget-image\" data-id=\"1a0cc03a\" data-element_type=\"widget\" data-e-type=\"widget\" data-widget_type=\"image.default\">\n\t\t\t\t<div class=\"elementor-widget-container\">\n\t\t\t\t\t\t\t\t\t\t\t\t\t\t\t<img loading=\"lazy\" decoding=\"async\" width=\"984\" height=\"4\" src=\"https:\/\/www.architecte-paysagiste-viollet.com\/wp-content\/uploads\/2019\/02\/navigation-1.png\" class=\"attachment-large size-large wp-image-249\" alt=\"\" srcset=\"https:\/\/www.architecte-paysagiste-viollet.com\/wp-content\/uploads\/2019\/02\/navigation-1.png 984w, https:\/\/www.architecte-paysagiste-viollet.com\/wp-content\/uploads\/2019\/02\/navigation-1-300x1.png 300w, https:\/\/www.architecte-paysagiste-viollet.com\/wp-content\/uploads\/2019\/02\/navigation-1-768x3.png 768w\" sizes=\"(max-width: 984px) 100vw, 984px\" \/>\t\t\t\t\t\t\t\t\t\t\t\t\t\t\t<\/div>\n\t\t\t\t<\/div>\n\t\t\t\t\t<\/div>\n\t\t<\/div>\n\t\t\t\t\t<\/div>\n\t\t<\/section>\n\t\t\t\t<section class=\"elementor-section elementor-top-section elementor-element elementor-element-6985c4d3 elementor-section-boxed elementor-section-height-default elementor-section-height-default\" data-id=\"6985c4d3\" data-element_type=\"section\" data-e-type=\"section\">\n\t\t\t\t\t\t<div class=\"elementor-container elementor-column-gap-default\">\n\t\t\t\t\t<div class=\"elementor-column elementor-col-33 elementor-top-column elementor-element elementor-element-4b4976d0\" data-id=\"4b4976d0\" data-element_type=\"column\" data-e-type=\"column\">\n\t\t\t<div class=\"elementor-widget-wrap elementor-element-populated\">\n\t\t\t\t\t\t<div class=\"elementor-element elementor-element-2ada3e92 elementor-widget elementor-widget-text-editor\" data-id=\"2ada3e92\" data-element_type=\"widget\" data-e-type=\"widget\" data-widget_type=\"text-editor.default\">\n\t\t\t\t<div class=\"elementor-widget-container\">\n\t\t\t\t\t\t\t\t\t<p><span style=\"text-shadow: .1em .2em .3em #999999;\"><strong>FRANCK VIOLLET<\/strong> paysagiste concepteur<\/span><\/p>\t\t\t\t\t\t\t\t<\/div>\n\t\t\t\t<\/div>\n\t\t\t\t\t<\/div>\n\t\t<\/div>\n\t\t\t\t<div class=\"elementor-column elementor-col-33 elementor-top-column elementor-element elementor-element-2ad94c38\" data-id=\"2ad94c38\" data-element_type=\"column\" data-e-type=\"column\">\n\t\t\t<div class=\"elementor-widget-wrap elementor-element-populated\">\n\t\t\t\t\t\t<div class=\"elementor-element elementor-element-1588cab2 elementor-widget elementor-widget-text-editor\" data-id=\"1588cab2\" data-element_type=\"widget\" data-e-type=\"widget\" data-widget_type=\"text-editor.default\">\n\t\t\t\t<div class=\"elementor-widget-container\">\n\t\t\t\t\t\t\t\t\t<span style=\"text-shadow: .1em .2em .3em #999999;\">28 rue de l&rsquo;Angelus 01150 CHAZEY SUR AIN<\/span>\t\t\t\t\t\t\t\t<\/div>\n\t\t\t\t<\/div>\n\t\t\t\t\t<\/div>\n\t\t<\/div>\n\t\t\t\t<div class=\"elementor-column elementor-col-33 elementor-top-column elementor-element elementor-element-3fbc391\" data-id=\"3fbc391\" data-element_type=\"column\" data-e-type=\"column\">\n\t\t\t<div class=\"elementor-widget-wrap elementor-element-populated\">\n\t\t\t\t\t\t<div class=\"elementor-element elementor-element-6f377f0c elementor-widget elementor-widget-text-editor\" data-id=\"6f377f0c\" data-element_type=\"widget\" data-e-type=\"widget\" data-widget_type=\"text-editor.default\">\n\t\t\t\t<div class=\"elementor-widget-container\">\n\t\t\t\t\t\t\t\t\t<span style=\"text-shadow: .1em .2em .3em #999999;\">T\u00e9l: 04 74 46 64 19 \/ Port : 06 82 16 11 35<\/span>\t\t\t\t\t\t\t\t<\/div>\n\t\t\t\t<\/div>\n\t\t\t\t\t<\/div>\n\t\t<\/div>\n\t\t\t\t\t<\/div>\n\t\t<\/section>\n\t\t\t\t<\/div>\n\t\t","protected":false},"excerpt":{"rendered":"<p>paysagiste concepteur Inscription sur la liste nationale des personnes autoris\u00e9es \u00e0 utiliser le titre de Paysagiste Concepteur Habilit\u00e9 Paysagiste Concepteur par la F\u00e9d\u00e9ration Fran\u00e7aise du Paysage Formation 1998 &#8211; Dipl\u00f4me de paysagiste \u00e0 l&rsquo;Ecole M\u00e9diterran\u00e9enne des Jardins et du Paysage de Grasse (06)1999 &#8211; Dessinateur CAO \/ DAO \u00e0 l&rsquo;Ecole Nationale Sup\u00e9rieure d&rsquo;Arts et M\u00e9tiers [&hellip;]<\/p>\n","protected":false},"author":1,"featured_media":0,"parent":0,"menu_order":0,"comment_status":"closed","ping_status":"closed","template":"","meta":{"ocean_post_layout":"","ocean_both_sidebars_style":"","ocean_both_sidebars_content_width":0,"ocean_both_sidebars_sidebars_width":0,"ocean_sidebar":"sidebar-2","ocean_second_sidebar":"0","ocean_disable_margins":"enable","ocean_add_body_class":"","ocean_shortcode_before_top_bar":"","ocean_shortcode_after_top_bar":"","ocean_shortcode_before_header":"","ocean_shortcode_after_header":"","ocean_has_shortcode":"","ocean_shortcode_after_title":"","ocean_shortcode_before_footer_widgets":"","ocean_shortcode_after_footer_widgets":"","ocean_shortcode_before_footer_bottom":"","ocean_shortcode_after_footer_bottom":"","ocean_display_top_bar":"default","ocean_display_header":"default","ocean_header_style":"","ocean_center_header_left_menu":"0","ocean_custom_header_template":"0","ocean_custom_logo":0,"ocean_custom_retina_logo":0,"ocean_custom_logo_max_width":0,"ocean_custom_logo_tablet_max_width":0,"ocean_custom_logo_mobile_max_width":0,"ocean_custom_logo_max_height":0,"ocean_custom_logo_tablet_max_height":0,"ocean_custom_logo_mobile_max_height":0,"ocean_header_custom_menu":"0","ocean_menu_typo_font_family":"0","ocean_menu_typo_font_subset":"","ocean_menu_typo_font_size":0,"ocean_menu_typo_font_size_tablet":0,"ocean_menu_typo_font_size_mobile":0,"ocean_menu_typo_font_size_unit":"px","ocean_menu_typo_font_weight":"","ocean_menu_typo_font_weight_tablet":"","ocean_menu_typo_font_weight_mobile":"","ocean_menu_typo_transform":"","ocean_menu_typo_transform_tablet":"","ocean_menu_typo_transform_mobile":"","ocean_menu_typo_line_height":0,"ocean_menu_typo_line_height_tablet":0,"ocean_menu_typo_line_height_mobile":0,"ocean_menu_typo_line_height_unit":"","ocean_menu_typo_spacing":0,"ocean_menu_typo_spacing_tablet":0,"ocean_menu_typo_spacing_mobile":0,"ocean_menu_typo_spacing_unit":"","ocean_menu_link_color":"","ocean_menu_link_color_hover":"","ocean_menu_link_color_active":"","ocean_menu_link_background":"","ocean_menu_link_hover_background":"","ocean_menu_link_active_background":"","ocean_menu_social_links_bg":"","ocean_menu_social_hover_links_bg":"","ocean_menu_social_links_color":"","ocean_menu_social_hover_links_color":"","ocean_disable_title":"default","ocean_disable_heading":"default","ocean_post_title":"","ocean_post_subheading":"","ocean_post_title_style":"","ocean_post_title_background_color":"","ocean_post_title_background":0,"ocean_post_title_bg_image_position":"","ocean_post_title_bg_image_attachment":"","ocean_post_title_bg_image_repeat":"","ocean_post_title_bg_image_size":"","ocean_post_title_height":0,"ocean_post_title_bg_overlay":0.5,"ocean_post_title_bg_overlay_color":"","ocean_disable_breadcrumbs":"default","ocean_breadcrumbs_color":"","ocean_breadcrumbs_separator_color":"","ocean_breadcrumbs_links_color":"","ocean_breadcrumbs_links_hover_color":"","ocean_display_footer_widgets":"default","ocean_display_footer_bottom":"default","ocean_custom_footer_template":"0","footnotes":""},"class_list":["post-941","page","type-page","status-publish","hentry","entry"],"_links":{"self":[{"href":"https:\/\/www.architecte-paysagiste-viollet.com\/index.php?rest_route=\/wp\/v2\/pages\/941","targetHints":{"allow":["GET"]}}],"collection":[{"href":"https:\/\/www.architecte-paysagiste-viollet.com\/index.php?rest_route=\/wp\/v2\/pages"}],"about":[{"href":"https:\/\/www.architecte-paysagiste-viollet.com\/index.php?rest_route=\/wp\/v2\/types\/page"}],"author":[{"embeddable":true,"href":"https:\/\/www.architecte-paysagiste-viollet.com\/index.php?rest_route=\/wp\/v2\/users\/1"}],"replies":[{"embeddable":true,"href":"https:\/\/www.architecte-paysagiste-viollet.com\/index.php?rest_route=%2Fwp%2Fv2%2Fcomments&post=941"}],"version-history":[{"count":34,"href":"https:\/\/www.architecte-paysagiste-viollet.com\/index.php?rest_route=\/wp\/v2\/pages\/941\/revisions"}],"predecessor-version":[{"id":1258,"href":"https:\/\/www.architecte-paysagiste-viollet.com\/index.php?rest_route=\/wp\/v2\/pages\/941\/revisions\/1258"}],"wp:attachment":[{"href":"https:\/\/www.architecte-paysagiste-viollet.com\/index.php?rest_route=%2Fwp%2Fv2%2Fmedia&parent=941"}],"curies":[{"name":"wp","href":"https:\/\/api.w.org\/{rel}","templated":true}]}}